culate the highest common factor of 16 and 264.
8
What is the highest common divisor of 7958 and 46?
46
What is the highest common divisor of 44 and 3454?
22
What is the highest common divisor of 21 and 609?
21
What is the highest common divisor of 3820 and 40?
20
Calculate the greatest common divisor of 171 and 9.
9
What is the highest common divisor of 152 and 418?
38
What is the greatest common factor of 46 and 253?
23
Calculate the greatest common divisor of 324 and 12.
12
What is the greatest common divisor of 3829 and 7?
7
Calculate the greatest common factor of 747 and 9.
9
Calculate the greatest common divisor of 1944 and 24.
24
What is the greatest common divisor of 36 and 24516?
36
What is the greatest common divisor of 504 and 120?
24
Calculate the greatest common factor of 162 and 243.
81
Calculate the highest common divisor of 45 and 580.
5
Calculate the highest common factor of 2208 and 36.
12
Calculate the highest common factor of 99 and 990.
99
What is the greatest common factor of 8140 and 74?
74
What is the highest common factor of 6748 and 140?
28
Calculate the greatest common factor of 64 and 2368.
64
What is the greatest common divisor of 585 and 9?
9
What is the highest common divisor of 2227 and 17?
17
Calculate the greatest common factor of 360 and 198.
18
Calculate the highest common factor of 2570 and 10.
10
What is the greatest common factor of 1880 and 40?
40
Calculate the highest common divisor of 30318 and 558.
186
Calculate the greatest common divisor of 9 and 15.
3
What is the greatest common divisor of 21 and 31101?
21
Calculate the greatest common divisor of 198 and 18.
18
What is the highest common divisor of 3015 and 90?
45
What is the highest common factor of 121 and 11?
11
What is the greatest common divisor of 54 and 1998?
54
Calculate the greatest common divisor of 115 and 25.
5
Calculate the highest common divisor of 41 and 6847.
41
What is the highest common divisor of 72 and 6384?
24
Calculate the greatest common factor of 12 and 3534.
6
What is the greatest common factor of 69 and 759?
69
Calculate the highest common divisor of 1813 and 37.
37
Calculate the greatest common divisor of 176 and 1078.
22
Calculate the greatest common factor of 62 and 2.
2
What is the highest common factor of 1387 and 38?
19
What is the greatest common factor of 8480 and 1600?
160
Calculate the greatest common divisor of 3483 and 172.
43
Calculate the highest common factor of 1316 and 56.
28
Calculate the highest common factor of 1328 and 16.
16
Calculate the greatest common factor of 4236 and 12.
12
What is the highest common divisor of 77 and 253?
11
Calculate the greatest common divisor of 532 and 364.
28
Calculate the greatest common divisor of 6804 and 1260.
252
What is the greatest common divisor of 147 and 833?
49
Calculate the greatest common factor of 495 and 63.
9
Calculate the highest common divisor of 44 and 32362.
22
Calculate the highest common factor of 87 and 3.
3
What is the greatest common divisor of 31164 and 106?
106
Calculate the highest common factor of 24 and 1576.
8
Calculate the greatest common factor of 93 and 155.
31
Calculate the greatest common divisor of 1008 and 486.
18
Calculate the highest common divisor of 595 and 34.
17
Calculate the highest common divisor of 100 and 20950.
50
What is the greatest common divisor of 34 and 17?
17
Calculate the highest common divisor of 690 and 120.
30
What is the greatest common divisor of 146 and 12775?
73
Calculate the highest common divisor of 84 and 21756.
84
What is the highest common divisor of 105 and 609?
21
What is the highest common factor of 308 and 231?
77
What is the greatest common divisor of 2761 and 33?
11
Calculate the greatest common divisor of 303 and 1111.
101
Calculate the highest common factor of 841 and 232.
29
Calculate the highest common divisor of 508 and 38.
2
Calculate the highest common divisor of 11 and 14311.
11
What is the greatest common factor of 38 and 5111?
19
Calculate the greatest common factor of 3317 and 1605.
107
What is the highest common factor of 184 and 23?
23
Calculate the greatest common divisor of 117 and 171.
9
What is the greatest common divisor of 52 and 3068?
52
What is the highest common factor of 33 and 33?
33
What is the greatest common divisor of 20444 and 38?
38
Calculate the greatest common divisor of 60 and 48.
12
Calculate the greatest common factor of 4029 and 153.
51
Calculate the greatest common divisor of 1084 and 20.
4
What is the highest common divisor of 5598 and 18?
18
What is the highest common factor of 1179 and 9?
9
What is the highest common factor of 664 and 40?
8
What is the greatest common factor of 58 and 2378?
58
Calculate the greatest common factor of 240 and 9630.
30
Calculate the highest common factor of 275 and 11.
11
What is the highest common factor of 5658 and 414?
138
Calculate the highest common divisor of 90 and 20.
10
What is the greatest common divisor of 405 and 15?
15
What is the highest common factor of 60 and 24?
12
Calculate the highest common divisor of 116 and 5539.
29
What is the greatest common factor of 2 and 3?
1
What is the highest common factor of 12 and 2364?
12
Calculate the greatest common divisor of 468 and 180.
36
Calculate the greatest common divisor of 9195 and 15.
15
What is the highest common divisor of 104 and 96?
8
What is the greatest common factor of 40 and 16760?
40
What is the highest common factor of 196 and 308?
28
Calculate the greatest common divisor of 36 and 36.
36
Calculate the highest common factor of 6 and 600.
6
What is the highest common divisor of 736 and 256?
32
What is the greatest common divisor of 1858 and 2?
2
What is the greatest common divisor of 99 and 2673?
99
What is the highest common divisor of 11 and 330?
11
What is the greatest common divisor of 507 and 1443?
39
Calculate the highest common factor of 1368 and 8.
8
What is the highest common divisor of 221 and 13?
13
Calculate the highest common divisor of 40 and 660.
20
Calculate the highest common factor of 2093 and 460.
23
Calculate the greatest common factor of 112 and 1232.
112
Calculate the greatest common factor of 176 and 1078.
22
What is the highest common divisor of 1207 and 459?
17
What is the greatest common factor of 123 and 41?
41
Calculate the greatest common divisor of 8652 and 14.
14
Calculate the highest common factor of 36 and 69.
3
Calculate the highest common factor of 14 and 707.
7
Calculate the highest common factor of 361 and 76.
19
What is the greatest common factor of 96 and 228?
12
Calculate the greatest common factor of 162 and 4.
2
Calculate the highest common divisor of 1131 and 481.
13
What is the greatest common factor of 44 and 748?
44
Calculate the highest common divisor of 57 and 3192.
57
Calculate the highest common divisor of 2905 and 35.
35
What is the highest common factor of 377 and 26?
13
What is the highest common factor of 2973 and 12?
3
Calculate the highest common divisor of 297 and 81.
27
What is the highest common divisor of 216 and 1863?
27
What is the greatest common factor of 1099 and 7?
7
What is the greatest common factor of 4361 and 89?
89
What is the greatest common divisor of 154 and 77?
77
What is the greatest common factor of 19 and 15409?
19
Calculate the greatest common divisor of 906 and 12.
6
What is the greatest common divisor of 42 and 1190?
14
Calculate the highest common factor of 7 and 3.
1
What is the highest common factor of 10 and 6210?
10
What is the highest common divisor of 87 and 1363?
29
What is the greatest common divisor of 112 and 80?
16
What is the greatest common factor of 72 and 21048?
24
What is the greatest common divisor of 36 and 90?
18
Calculate the greatest common factor of 108 and 54.
54
Calculate the greatest common divisor of 1056 and 1683.
33
Calculate the greatest common factor of 715 and 26.
13
What is the greatest common factor of 493 and 17?
17
Calculate the greatest common divisor of 30 and 3738.
6
What is the greatest common factor of 109 and 1?
1
Calculate the highest common factor of 29704 and 376.
376
Calculate the highest common divisor of 13 and 611.
13
Calculate the highest common factor of 1416 and 72.
24
Calculate the greatest common factor of 8 and 1556.
4
C